6))).
-44
What is -73 + -1 - (3 + (1 - 3)) - (225 + -234)?
-66
Calculate (13 - 2 - 12) + -8 + (-10 - (9 - -14)).
-42
3 + 3 + (-11 - (-62 + 36) - -5)
26
-53 + (31 + -10 + -9 - 16 - 12)
-69
Calculate -6 - (-32 + 20 + -17 - -10) - (-1 + 137).
-123
(-6451 - -6588) + (-24 - (2 - 1))
112
Evaluate 26 - ((-5 - 17) + (26 - 22)).
44
Calculate -39 - (14 + -47) - (54 + (18 - 7)).
-71
What is the value of -16 + -31 - (10 + -35) - 10?
-32
What is the value of -34 + -6 + 14 + 16 + 86?
76
Evaluate 0 + -5 + -1 - (86 - (91 + 6)).
5
Evaluate 39 + (2 + 4 - (22 + 9 + (-12 - 16))).
42
What is -15 - (1 + 7 + -33 - -7)?
3
What is the value of 2100 + -2105 + 3 + 1 + 8?
7
What is the value of (91 - 208) + 88 + 65?
36
3115 + -3218 - (-1 - 84)
-18
-3 + -17 + 6 - (-6 - (-4 - (0 + -3)))
-9
10 - (18 - 11 - (60 + -114 - (-1 + -5)))
-45
Evaluate 0 - 92 - (122 - (208 + -124)).
-130
What is the value of (2 - 2 - -2) + -7 - (44 + -8)?
-41
What is -5 + -8 + 1 - (-46 - -33) - -10?
11
What is (20 + -16 + -3 - 5) + -80 + -12?
-96
3 + -4 + 9 + (21 - 19 - -7)
17
What is 89 - (-2 - (-16 - (-38 - -18)))?
95
51 - ((-117 - -145) + (-1 - 26))
50
What is -8 + (11 - 94) + -3 + -75 + 76?
-93
What is (-64 - (-5 + 11) - -2) + -35 + 26?
-77
What is the value of (3 + -3 + (0 - 2) - -3) + -3375 + 3487?
113
Evaluate -76 - -12 - -18 - (8 + -1).
-53
What is the value of -35 + (-13 - 1 - (18 - (-30 + 29) - 23))?
-45
Calculate -2252 + 2278 - (-1 + 11) - 84.
-68
What is -153 + (137 - 49) + -35?
-100
What is the value of 11 + 12 + (-19 - (14 + -16))?
6
What is -34 + 15 + ((21 - 15) + -22 - 53)?
-88
11 + 15 + -13 + -40 + 10 + 13
-4
What is the value of 27 + 40 + -58 - -29?
38
-239 - -265 - -10 - (-2 + 69)
-31
Calculate -70 + 77 + -166 + 59.
-100
Calculate 0 + 8 - ((-26 - -42) + -18 - 12).
22
Calculate -22 + -8 + -9 + -3 + -2 - -17.
-27
Evaluate -8 + 0 + -19 + (-512 - -439) + (2 - 4).
-102
What is 52 - (-57 + 12 + 66)?
31
What is the value of (-58 - -72) + (21 - 13)?
22
What is -14 + (6 - (-18 - -29)) - (-21 + 0)?
2
Evaluate -1 + -6 + 2578 + -2493.
78
What is the value of 18 - (81 + (9 - 0) + -54 + 52)?
-70
Calculate 176 + -33 + -120 + 3 + -1.
25
(-1 - 3) + (-502 - -528) + 26
48
What is -14 - (4 - (8 - -2) - (69 + -15))?
46
(0 - -2) + -6 - (241 - 217 - 25)
-3
Evaluate -14 - ((11 - 3) + 12 - 5).
-29
Evaluate -74 - 0 - (59 + (-87 - -12)) - -18.
-40
Evaluate -21 - -24 - 1 - (-2 + -1) - (-22 + 14).
13
What is the value of 19 + 36 + (6 - 0 - -5) + (-3 - 5)?
58
What is the value of -86 - (13 + -8) - (-19 + 23 + -5)?
-90
Evaluate -85022 - -85079 - (-13 - (2 + 2 - 2)).
72
What is the value of -76 - (-15 + (12 - (-10 + 18)) + 6 + -8)?
-63
Evaluate 146 - ((36 - 31) + 0 + 9 - 12) - -2.
146
What is the value of (-11 - (-55 + 41)) + 29?
32
What is 20 - (12 - -2 - (20 - 33))?
-7
What is the value of 19 - (0 + -3 + -18 + (768 - 751))?
23
Evaluate (-8 - (-30 - -41)) + (36 - 10).
7
Evaluate -257 - -244 - (-2 + -2 - 1) - -41.
33
Evaluate 4 + -49 - ((14 - 24 - 11) + 7).
-31
Calculate -44 + (-41 - -67) + (1 - 5).
-22
What is (-5301 - -5293) + 0 + -2 + 33?
23
What is the value of -90 - -86 - (-1 - 21)?
18
Calculate -11 - ((0 - (-1 - (-2 + -15))) + 226 + -231).
10
(-9 - -21) + 42 + (-9 - -20) + -5 + 3
63
-3 + (-3 - -15) + (-32 + -253 - -191)
-85
Evaluate -27 + 15 - (14 + -16 - (0 + 22)).
12
-2 + -7 + 2 - (-2 + 4 + 45)
-54
What is (3 - 158) + 7 + (-189 - -211) - -15?
-111
32 + (11 - 31) + 13 + -22
3
-16 + (2 - -6) + 17 + 13 + -12 + -76
-66
Evaluate (-14 - 11 - -85) + -23.
37
Evaluate 15 + (-41 - (16 + (16 - 23) + 0)).
-35
What is 72 - ((1 - -74) + -80 + (17 - 1 - 2))?
63
104 - 16 - (22 - (52 + -25))
93
What is (31 - -46) + (107 - 160)?
24
Calculate 1 + -106 - (-617 + 408).
104
Calculate (-43 - -46) + (-47 + 39 - (42 - -1)).
-48
Evaluate 6 + (2 - (-24 - (3 + -168))) - -23.
-110
-1 + -12 - (501 - 507) - -41
34
(3 - 4) + (474 - 454)
19
What is the value of 46 - (42 - -10) - ((-49 - -2) + -4)?
45
What is the value of (46 - -5 - 27) + (0 - 28)?
-4
5653 + -5635 + -32 + 2
-12
What is -19 + (11 - (44 - 19))?
-33
What is 11 + -30 - (27 + (-49 - -4))?
-1
What is -32 + (3 - 9) + 5 + (-7 + 2 - -4)?
-34
What is the value of -125 + (4 + 29 - (-96 + 103))?
-99
What is the value of (-1 - 10 - (58 - -4)) + 24?
-49
Calculate (15 - (17 + -16)) + -61 - (-61 + 45).
-31
Evaluate 1 + 6 + 18 + -30 + 64.
59
What is -29 + (19 - 4) - 3 - 55?
-72
What is the value of 0 + 0 + -13 + 14 + 11?
12
-35 + (15 - 5) + -4 - (-25 + 22)
-26
What is (10 - (-11 - -19)) + (40 - (-5 + -1 + 4))?
44
What is 5849 - 5887 - ((1 - 3) + 21)?
-57
What is the value of -3 - -1 - (-45 - (26 + 33 + -37))?
65
Calculate 446 + -416 - (-23 - ((-4 - -4) + -5)).
48
6 + (7 - (-10 - -17)) + -6 + -28
-28
What is (189 - 178) + (3 - 19) + -6?
-11
What is the value of -424 + 266 + (122 - 20)?
-56
Evaluate 17 + (8 - 31) + (35 - 31).
-2
Evaluate -18 + (56 - (-15 + (25 - 22) - -4)).
46
-8 + 35 + 0 + -6 - (15 + -2)
8
What is the value of (30 - (-21 - 4)) + (-18 - (16 + -25))?
46
What is 151 - 150 - (1 + (1 + -1 - 39))?
39
What is the value of 10 - (-5 + (3 - -12)) - (36 + 3)?
-39
What is (112 - 74) + -42 + (63 - 2)?
57
Calculate -58 - -12 - (-2 - (-12 - (-6 + 1))).
-51
What is the value of (0 - 28) + (299 + -123 - 166)?
-18
What is 12 - (3 + -5 - -43) - -16?
-13
Calculate (9 - (-18 + -5) - (-141 - -165)) + 0 + -46.
-38
Calculate (17 - (-7 - 3)) + (-71 - -60).
16
-69 + 3 - -1 - 1 - (277 - 290)
-53
-17 + (-1 - 10 - -22 - -10)
4
(33 - (40 - -8)) + 2 + -93
-106
Evaluate 79 + (-56 - -46) + -4.
65
What is the value of (-2 + -7 + -5 + -5 - (2 + 2)) + -4?
-27
Evaluate (95 - 132 - 33) + 91.
21
What is the value of -110 - (1 + -63 + 8)?
-56
Evaluate (45 - 41) + 5 + (0 - (19 - -1)).
-11
What is -3 - 61 - (83 - 118)?
-29
What is the value of (151 - 143) + -29 + -6?
-27
What is the value of 4 + (-77 + (46 - 16) - -117)?
74
Evaluate (8 - (4 + -51)) + -40.
15
0 - (-15 + (26 - 34) - (-10 - 1)) - -41
53
2 + (-2 - -5 - (-25 - -4)) + (66 - 65)
27
Calculate 37 + -99 + 59 + -62.
-65
What is the value of 15 - 21 - (29 + 6 + (-5 - (1 - 7)))?
-42
What is (0 - 11) + 9 + (18 - 14 - 33)?
-31
Calculate (10 - -1) + (2 - (-22 + 92)).
-57
Evaluate -26 - (8 + (6 + (5 + -11 - -6) - 15)).
-25
Calculate (-38 - -1) + -11668 + 11690.
-15
Evaluate -3 + 5 + 9 + -105 + 35 + -4 + -9.
-72
What is -61 + (-39 - (-59 + 22 + -6 - -25))?
-82
Evaluate (-61 - 72) + 172 + -138.
-99
Evaluate -935 + 980 + (-48 - 0).
-3
What is the value of 22 + (4 - (27 + -7 - (4 + 98)))?
108
What is the value of 157 + -167 + 0 + 18 - 24?
-16
Calculate (16 - 14 - -6 - -3) + 23.
34
(70 - (2 + 10 - 11)) + -22 + 8
55
What is the value of 37 - (38 + -44 + 18 - 25)?
50
What is 8 + 95 - (438 - 374)?
39
Evaluate (-2 - (-1 + 7 - (44 + -35))) + 9.
10
(10 - -15 - 7 - 21) + -33
-36
Calculate 12 + 5 - (91 - 51).
-23
What is the value of -1 - (27 + -9 + (5 - -35))?
-59
What is -13 + 40 - (-87 - -170)?
-56
What is 7 + -17 - (-8 + 3 + 14 + -7)?
-12
(-119 + 1 - 1) + 185 + (-22 - 162)
-118
Calculate 2 + -23 + (-60 - -36 - -46).
1
What is 5 - (14 - ((-4 - 3) + 4)) - 9?
-21
Calculate -1 + 19 + 230 + -264 + -18 + 18.
-16
-6 - ((-8 + 1 - (33 - 30)) + 22)
-18
827 + -763 - (-11 + 64)
11
What is the value of -89 + (1 - -4) + 20 - -4?
-60
What is the value of -56 + 7 + -252 + 270?
-31
Evaluate -4 + 73 + (-768 - -775).
76
Calculate (78 - 53) + (-49 - -7).
-17
Calculate -3 + (-1 + 3 - -7) + 53 + -28 + 20.
51
Evaluate (10 - (-53 + 2 + 30)) + (0 - -4).
35
(8 - 69 - 1) + (-4 - (11 + -4 + -1))
-72
Evaluate (24 - -9) + (-1 - -12 - (17 - (15 + -9))).
33
Evaluate (63 - 14) + 17 + (20 + -11 - 20).
55
What is the value of 40 - (-56 - -98) - 12?
-14
Evaluate -19 - (0 + -8 + (-31 - 10)).
30
What is (10 - -1) + (-135 - -67) + 62?
5
-57 + 1 - (24 + (-9 - 11) + (-6 - -3))
-57
What is the value of 6 - ((2 - (2 + 0)) + -4 - (-2375 - -2346))?
-19
Evaluate 14 - (21 - (11 + (31 - 7))).
28
Calculate 27 + -4 + (10 - (6 - -23)) - 82.
-78
Evaluate 37 - (-33 - -4 - (4 - (46 + -24))).
48
What is (5 - 2 - -74) + (-46 - -40) + 52 + -52?
71
0 + 0 + -324 + 334 + -2 - -72
80
What is 43 - (29 - 33) - 95?
-48
What is the value of (161 + 6 - (26 + -7)) + 2 + -15 + 2?
137
Calculate 96 + (-72 - -28 - -12) + 14.
78
-46 - ((-15 - 8 - -2) + 10)
-35
Evaluate 19 - 6 - 29 - (20 + 3).
-39
What is the value of 2 + (-33 - -88) - 32